ivided by 25?
24
Suppose 0*c + 5*c - 20 = 0. Suppose -c*a + a + 27 = 0. What is the remainder when 35 is divided by a?
8
Let w = -7 - -9. Suppose -7*o + 2*o = -p - 12, -3*o = -w*p + 4. Calculate the remainder when 14 is divided by p.
6
Let m = -24 - -30. Suppose 2*k + 4*v = -2*k + 48, 2*k - 15 = v. What is the remainder when k is divided by m?
3
Suppose -9 = -0*l + 5*l - 3*k, -4*l - 5*k - 22 = 0. Let g = l + 14. What is the remainder when g is divided by 7?
4
Let x(w) = 6*w**2 - 3 - w + 5*w**2 + 4*w - 8*w**2. Calculate the remainder when x(3) is divided by 12.
9
Suppose -62 = -b - 17. Calculate the remainder when b is divided by 12.
9
Let n = 86 - 62. Calculate the remainder when n is divided by 9.
6
Suppose -3*a - 56 = -7*a. What is the remainder when 67 is divided by a?
11
Suppose 0 = -5*n + 150 - 35. Suppose -3*b + 125 = 2*f + 37, -f - 5*b = -44. Calculate the remainder when f is divided by n.
21
Suppose -m + 91 = 76. Calculate the remainder when 209 is divided by m.
14
Let f(w) = w + 1. Let v be f(4). Suppose -28 = v*k + 7. Calculate the remainder when 19 is divided by (0 - 1)*2 - k.
4
Let y(r) = -r**2 - 10*r - 6. Let f(p) = -p**2 - 5*p - 1. Let g be f(-6). What is the remainder when 29 is divided by y(g)?
14
Let s(i) = -i**2 - 3 - 6*i + 0 + 2*i. Let t be s(-3). Let w = t - -1. Calculate the remainder when 1 is divided by w.
0
Suppose -d + 6 = -f, 4*f - 5 = -4*d + 59. Calculate the remainder when d is divided by (-1 - -2)*(-36)/(-6).
5
Let y = 92 - 86. Calculate the remainder when 34 is divided by y.
4
Let q be 36/24 - (-1)/2. Let d = q - -19. What is the remainder when d is divided by 6?
3
Let b(x) = -x + 2. Let a = -3 - -3. What is the remainder when 2 is divided by b(a)?
0
Let x(g) = g**2 - 3*g - 5. What is the remainder when 14 is divided by x(-2)?
4
Let v be (-3 - -5)/((-4)/6). Let y be ((-1)/v)/(1/(-3)). Calculate the remainder when 15 is divided by (-51)/(-6) + y/2.
7
Let h = 21 + -20. What is the remainder when 3 is divided by h?
0
Let s(q) = 4*q + 3. Let j be s(6). Let k = j + -43. Let a = 0 - k. What is the remainder when 46 is divided by a?
14
Let z = -13 - -26. What is the remainder when ((-1470)/84)/(1 - (-3)/(-2)) is divided by z?
9
Let m = -15 + 8. Let g be m/6 + 1/6. Let c = g - -12. Calculate the remainder when 30 is divided by c.
8
Let g(p) = -p**2 - 7*p + 15. Let t(q) = -3*q - 1. Calculate the remainder when g(-8) is divided by t(-2).
2
Let j = -29 - -36. Calculate the remainder when 47 is divided by j.
5
Let a be -10*(1 + 1 + -9). Let y = 117 - a. Calculate the remainder when y is divided by 16.
15
Let s(z) = -z + 6. What is the remainder when s(-9) is divided by 9?
6
Let m(d) = -4 + 5*d**2 + 4*d + 7 - 2*d - d**3. What is the remainder when m(4) is divided by 12/2 + -4 + 12?
13
Suppose 5*o + 3*r = 32, -5*o + 2*r = -0*r - 12. What is the remainder when o is divided by 2?
0
Let m(r) = -r + 9. Let f be m(7). Calculate the remainder when 7 is divided by (f/(-5))/((-3)/30).
3
Let b(s) = s**2 - 5*s - 6. Calculate the remainder when b(7) is divided by 7/(-28) - 13/(-4).
2
Let u = -76 - -109. Calculate the remainder when 64 is divided by u.
31
Let d(c) = -30*c**3 - c**2 - c + 1. Let l be d(1). Let x = l + 57. What is the remainder when 30/4*(-40)/(-6) is divided by x?
24
Suppose -5*z - 9 = 3*g - 106, 4 = -z. Calculate the remainder when 77 is divided by g.
38
Let h = -2 + 6. Let o be 2/h*0/1. Suppose o*z + 4*z - 3*k = 28, -20 = -5*k. What is the remainder when z is divided by 6?
4
Let r = 13 + -8. Suppose 5*j + 238 = -3*k, -146 = -0*j + 3*j + r*k. Let p = 66 + j. Calculate the remainder when 55 is divided by p.
17
Suppose 0 = -3*q - 2*q - 30. Calculate the remainder when q*(15/(-6) - -1) is divided by 6.
3
Suppose -2 = -k - 0. Suppose 0 = g + k*g + 2*z - 47, 5*z = 3*g - 61. Let x = 64 + -58. What is the remainder when g is divided by x?
5
Let d be (2 - 0)/1*2. Suppose -18 = -d*w - 2. Suppose -5*h + h + 44 = 0. Calculate the remainder when h is divided by w.
3
Suppose -3*s = y, 3*s + 3*y = -y. Suppose s = -2*l - 2*l + 188. What is the remainder when l is divided by (-12*1)/(9/(-12))?
15
Let t = -32 + 42. Let q be (-4)/14 - 72/(-7). Suppose 3*j = -q + 64. What is the remainder when j is divided by t?
8
Suppose 8 = -s + 26. Let a = 3 - -2. What is the remainder when s is divided by a?
3
Suppose -5*a - 3*f + 104 + 122 = 0, -4*f - 153 = -3*a. Let k be 3/(-4)*(-5 + 1). Calculate the remainder when a is divided by k/(-12) - (-130)/8.
15
Suppose 0 = -z - 2*z + 9. Suppose 15 = z*i - i + f, -33 = -4*i - 3*f. What is the remainder when 17 is divided by i?
5
Let t = 556 + -305. Calculate the remainder when t is divided by 23.
21
Let w be 0/((4 - 3)*-1). Suppose -4*i + f = -f - 74, 2*f + 6 = w. What is the remainder when 66 is divided by i?
15
Let n = 24 + -10. Calculate the remainder when n is divided by -2*1*(-20)/8.
4
Let j(y) = -y**2 + 14*y - 18. What is the remainder when (3/9)/(2/54) is divided by j(12)?
3
Suppose -92 = -2*z + 4*o, -3*z - 5*o = -178 + 7. Let j = 37 + -19. Calculate the remainder when z is divided by j.
16
Let y = 46 - 68. Let o = 10 + y. Let j = o + 17. What is the remainder when 13 is divided by j?
3
Let b(r) = -23*r**3 - r. Let p(m) = -m**3 - 5*m**2 + 4*m + 1. Calculate the remainder when b(-1) is divided by p(-6).
11
Let k = 19 - 3. Let h = -9 + k. Let d = -28 + 48. What is the remainder when d is divided by h?
6
Suppose -4*x - 8 = 0, 0*h = -2*h - x + 62. Let d = h - 16. Suppose w + w - 60 = 0. Calculate the remainder when w is divided by d.
14
Suppose 3*j + r - 5 = -0*r, 5 = 2*j + r. Let b be j*((-14)/(-4) - 3). Calculate the remainder when 17/4*(4 + b) is divided by 5.
2
Let y = 335 - 204. Calculate the remainder when y is divided by 45.
41
Suppose -8 = -w - 3*w. Suppose -w*o + 6 = -0*o. Calculate the remainder when 1*5 + 0/1 is divided by o.
2
Suppose 0 = 2*m + 13 - 1. Let r = 8 + m. Let i = r - -3. What is the remainder when 8 is divided by i?
3
Suppose -j + 0*k + 13 = -k, 2*k = -2*j + 18. Let s = 40 + -20. Calculate the remainder when s is divided by j.
9
Suppose -a = -3*a. Suppose 3*j - 2 - 55 = a. Calculate the remainder when 1 + (-8 - 4)/4 + 56 is divided by j.
16
Let k be 2*-2*3/(-6). Let z be (k/4)/(7/28). Calculate the remainder when 18 is divided by (-3)/z*40/(-6).
8
Let w be -2 - (-3 + 2 + -35). Let u = w + -23. Let l(p) = -22*p**3 - 2*p**2 - 2*p - 1. Calculate the remainder when l(-1) is divided by u.
10
Suppose -o + 146 = 36. What is the remainder when o is divided by 37?
36
Suppose 4*s = -4*a + 24, -2*a = -2*s - a. Let c(p) = -p - 1. What is the remainder when c(-4) is divided by s?
1
Let n be ((-3)/(-2))/(6/16). Suppose -n*u + 9 = -67. Calculate the remainder when 36 is divided by u.
17
Let l(j) = -157*j + 5 + j**2 - 2 + 162*j. Let w = -21 - -13. Calculate the remainder when l(w) is divided by 7.
6
Let l = -209 + 219. What is the remainder when 22 is divided by l?
2
Let y(t) = t + 44. Calculate the remainder when 62 is divided by y(-23).
20
Suppose 0*x - 5 = -x. Suppose 0 = x*q - 149 - 86. Calculate the remainder when q is divided by 12.
11
Let i(k) = k**2 - 7*k + 9. Let b(q) = 2*q - 6. Let r be b(6). Suppose r*n = n + 160. Calculate the remainder when n is divided by i(8).
15
Suppose -1 = -4*y - 5*o + 36, -5*y - 5 = -4*o. Let i(g) = 2*g**2 - 3*g + 1. Calculate the remainder when i(2) is divided by y.
0
Let t = 26 - 16. What is the remainder when t is divided by 3?
1
Suppose 2*c + c + 4*w = 41, 3*c - 4*w = 25. Let y = 16 - 10. What is the remainder when c is divided by y?
5
Suppose 0 = -5*h + 46 + 34. What is the remainder when 59 is divided by h?
11
Let s(c) = -11*c + 13. Let k(r) = 4*r - 4. Let b(m) = 8*k(m) + 3*s(m). Suppose 0 = q - 0*q + 6. Calculate the remainder when b(q) is divided by 5.
3
Suppose 136 - 22 = 2*h. What is the remainder when h is divided by 15?
12
Suppose -2*h + 12 = 2*s, s - 5*h = -3*s + 33. Let u(q) = -q**2 + 7*q + 8. What is the remainder when u(s) is divided by 5?
3
Suppose 165 = 5*l - 75. What is the remainder when l is divided by 25?
23
What is the remainder when 73 is divided by -1 + (1 - 4) - -6 - -13?
13
Suppose 44 = 5*x + 9. What is the remainder when 17 is divided by x?
3
What is the remainder when 102 is divided by (-264)/(-10) + 2/(-5)?
24
Suppose -3*m + 143 